4*g = 3*x. Suppose x*n = -2*n + 24. Let r = -7 + n. What are the prime factors of r?
5
Let u(i) = 8*i**2 - 25*i - 12. What are the prime factors of u(-8)?
2, 5, 7
Let p(d) = -11*d + 573. What are the prime factors of p(-26)?
859
Let j(l) = -l**3 + 2*l**2 + 2*l + 5. Let r be j(3). Suppose -2*q = -4*b + r*q + 312, b - 4*q - 69 = 0. Suppose 222 = 3*g + b. List the prime factors of g.
47
What are the prime factors of 3*8/48*1940?
2, 5, 97
Let f be (-55)/35 + 6/(-14). Let a be (4*(-2)/f)/2. Suppose 10 = -2*s, a*w - 4*s - 3 = 85. What are the prime factors of w?
2, 17
Let x(p) = -2*p**3 - 5*p**2 - 3*p. Let w be x(-3). Suppose -v = -3*t + 24, -3 = -t + 1. Let o = w + v. What are the prime factors of o?
2, 3
Let w = -3 + 5. Suppose 0 = 2*d - 3*t + t - 36, w*t = -5*d + 83. List the prime factors of d.
17
Let i(b) = -2*b - 3. Let u be i(-3). Let d(m) = -6*m - 2*m**2 - u*m + 3*m**2. List the prime factors of d(10).
2, 5
Let m = 12 + -7. Suppose -m = -w - 2. Suppose j = -w*d + 37, 0*d - 41 = -3*d - 5*j. List the prime factors of d.
2, 3
Let j be (-43)/(-4) + 12/(-16). Let y = j - -32. List the prime factors of y.
2, 3, 7
Let d be 11 - 5 - 1 - 0. Let o = 7 + -3. Suppose -d*z + z = o*a - 104, 3 = -3*a. What are the prime factors of z?
3
Suppose i = -3 + 7. Let o(l) = 3*l**3 + 4*l**2 - 4*l - 11. List the prime factors of o(i).
229
Let c = 542 + -1346. List the prime factors of c/2*2/(-6).
2, 67
Suppose -3*r = -3*b, 5*b - 2 = -r + 10. List the prime factors of r*(-3 + (-38)/(-4)).
13
What are the prime factors of ((-6)/7)/(40/(-140)) - -79?
2, 41
Suppose 5*w - 10*w = 20. What are the prime factors of 69/(1 - (4 + w))?
3, 23
Let o(w) = -43*w + 6. List the prime factors of o(-4).
2, 89
Suppose 5*h - n = 3*h - 20, 16 = -2*h + 3*n. Let g = h - -23. Suppose 3*s + g = 6*s. What are the prime factors of s?
2
What are the prime factors of -6 + -3 + 1 + 3636?
2, 907
Let z = 1499 + 21. List the prime factors of z.
2, 5, 19
Let m(f) = -23*f**2 - 9*f + 7. Let o(s) = 12*s**2 + 5*s - 4. Let c(l) = -3*m(l) - 5*o(l). Let a be (-6 - -2)/(-2)*-1. What are the prime factors of c(a)?
31
Suppose -4*w + 18 = o, 4*w + 3*o - 7*o = 8. Suppose 0 = w*t - 629 + 57. List the prime factors of t.
11, 13
Suppose 0 = -3*s + 4*s - 110. Suppose 2*b + s = 7*b + 3*x, -5*b - 2*x = -115. Let d = -8 + b. What are the prime factors of d?
17
Let c = -1 + -5. Let a = 9 + c. What are the prime factors of 6/9 + 34/a?
2, 3
Let i(u) be the second derivative of 139*u**4/12 - u**2/2 - 2*u. Let r be i(1). List the prime factors of (-9)/(-12) + r/8.
2, 3
Suppose -2 - 2 = j. Let y(g) = -12 + 4*g - 6*g + 7 + 5*g**2 + 9*g. List the prime factors of y(j).
47
Suppose 0 = -5*u + 4*f + 12, 2*u - f = 3. Suppose -15*n + 17*n - 172 = u. What are the prime factors of n?
2, 43
Let p = -16 + 19. Suppose 4*k - 5*t = 137, 0 = k + p*k + 3*t - 129. List the prime factors of k.
3, 11
List the prime factors of (-5)/(10/(-23))*106.
23, 53
What are the prime factors of (1 - -1)/(25148/(-4192) + 6)?
2, 131
Let m(s) = 117*s**3 - 5*s**2 + 8*s + 13. List the prime factors of m(3).
23, 137
Let p be (10/(-4))/(3/(-18)). Suppose -2*a + p = 3. Suppose 0 = -3*k + a*k - 108. What are the prime factors of k?
2, 3
Let m(q) = -q - 11. Let y(w) = w + 23. Let h(a) = 5*m(a) + 3*y(a). Let b be h(7). What are the prime factors of (-3 - b) + 80/4?
17
Let b be 10/1*(-48)/(-60). Suppose 0 = -7*f + b*f - 72. What are the prime factors of f?
2, 3
Suppose -6*x - 140 + 704 = 0. List the prime factors of x.
2, 47
What are the prime factors of (-738)/615 - 14096/(-5)?
2, 1409
Suppose -4*b = -17 - 11. Let g(n) = -n**3 - 3*n**2 - 2*n + 2. Let k be g(-2). Suppose -k*r = -b*r + 45. List the prime factors of r.
3
Suppose -6*q - 5*r + 45 = -11*q, -4*r = 0. Suppose 0 = 2*k - k - 3. List the prime factors of k/12*4 - q.
2, 5
What are the prime factors of (-6 + (6 - -1))*890 - 4?
2, 443
Let v be 33/7 - 8/(-28). Suppose 0 = 3*s - v - 1. Suppose -s*a + 4 + 22 = 0. List the prime factors of a.
13
Let n be 4/(-6) - (17/(-3))/1. Suppose -6 = 2*w + 3*i - 88, -n*i = -10. List the prime factors of w.
2, 19
Let y be (-6 + 4)*(-1 + -3). Let k(t) be the second derivative of 2*t**3/3 - 7*t**2/2 - 5*t. List the prime factors of k(y).
5
Let p = -334 + 651. What are the prime factors of p?
317
Let m(v) = -3*v - 19. Let s(l) = 6*l + 38. Let h(y) = -13*m(y) - 6*s(y). List the prime factors of h(-4).
7
Let d(j) be the first derivative of -j**4/4 + 22*j**3/3 - 6*j**2 - 27*j + 35. List the prime factors of d(21).
2, 3
List the prime factors of 1 + -7 + 12 + 726.
2, 3, 61
Let f(j) = -j**3 + 20*j**2 + 88*j - 48. List the prime factors of f(23).
389
Let k(u) = u**2 + 12*u + 1. Let a = 25 - 39. List the prime factors of k(a).
29
Suppose -3042 = -b - 0*b + 5*h, 0 = -b - h + 3012. List the prime factors of b.
7, 431
Suppose 5*p + 8 = -3*n, n - 5*n = 4*p. Suppose n*y = y + 123. List the prime factors of y.
41
Let o be 5*4/8*2. Suppose 2*f + 5*w - 350 = 0, 0 = -5*f - w + o*w + 875. List the prime factors of f.
5, 7
Suppose 3*q - 17 = -5*k, -3*k + 6*k - 17 = 5*q. Suppose -18 = 4*c + 3*v, 5*v = -4*c + 3*c + k. What are the prime factors of 76 - (c + 4 + 0)?
2, 3, 13
Let i be (4 + 1)*(-64)/(-40). Suppose 3*h = i + 10. Suppose j - h - 5 = 0. List the prime factors of j.
11
What are the prime factors of 10790*3*(4 - 116/30)?
2, 13, 83
What are the prime factors of (21/(-9))/((-4172)/(-1044) + -4)?
3, 7, 29
Let z = 18 - 11. Let u(m) = -m**2 + 6*m + 6. Let w be u(z). Let c = w + 33. List the prime factors of c.
2
Let z(v) be the first derivative of v**3/3 - 7*v**2/2 + 18*v - 17. What are the prime factors of z(14)?
2, 29
Let t be (6 - 6)*1/3. Let k be (7 - 4) + t + 1. List the prime factors of k/(4 + -2) - -16.
2, 3
Let r(m) = -97*m - 8. Let i be r(-2). Suppose -174 - i = -4*f. What are the prime factors of f?
2, 3, 5
Let u(h) = -3*h**2 - 8*h + 6. Let w be u(-6). Let r = w - -26. Let v = 40 + r. What are the prime factors of v?
2, 3
Suppose 52 = -2*r + 58. Let l(a) = 11*a - 8. What are the prime factors of l(r)?
5
Let b(c) = -49*c - 29. List the prime factors of b(-16).
5, 151
Let i(l) be the second derivative of l**5/20 + 5*l**4/12 - 7*l**3/6 + 3*l**2 - 5*l. Let u = -8 - -2. What are the prime factors of i(u)?
2, 3
Let w = 2 - -6. Let d = 11 - w. Suppose t - 33 = -4*b + 30, -d*t + 9 = 0. List the prime factors of b.
3, 5
Suppose r - 73 = 3. Suppose 5*b = -3*d + 332, -2*b + b = 3*d - r. What are the prime factors of b?
2
Let c(a) = -204*a - 180. List the prime factors of c(-11).
2, 3, 43
Let g(d) = 137*d - 1. Let v be g(-1). Let j(c) = -2*c**2 - 4*c - 13. Let b be j(-7). Let p = b - v. What are the prime factors of p?
5, 11
Suppose l + 2*x + 32 + 21 = 0, l = -3*x - 51. Let q = l - -200. Let p = -86 + q. What are the prime factors of p?
3, 19
Let r(f) = 2177*f**2 - 16*f - 16. List the prime factors of r(-1).
7, 311
What are the prime factors of ((-318)/(-4) - -4 - 5)*10?
5, 157
Let z(i) = -123*i - 1. Let c be z(-3). List the prime factors of ((9/(-6))/3)/((-2)/c).
2, 23
Suppose 4*b - 929 = -5*i + 7*b, 0 = b - 2. List the prime factors of i.
11, 17
Suppose -1752 - 86 = -z. List the prime factors of z.
2, 919
Let j(x) = x**3 - 8*x**2 + 6*x + 10. Let u be j(7). Let g be 142/u - 2/(-3). Suppose 4*l + 0*l - g = 0. What are the prime factors of l?
2, 3
Suppose h + 5*z - 436 = 0, 3*h - 1070 = 5*z + 258. Suppose -17*d + 1597 - h = 0. List the prime factors of d.
2, 17
Let c be (-3)/(-7) + 1395/(-21). Let a = c + 111. What are the prime factors of a?
3, 5
Suppose 0 = 4*k - 6*k + 4. Let v(n) = -2*n**3 + n**2 + 3*n - 3. Let h be v(k). What are the prime factors of (-3)/(1 + 2)*h?
3
Suppose -2*p - 30 = 4*p. Let u be -3 - (p - -3 - 3). Suppose 0 = u*a + 4*a - 204. List the prime factors of a.
2, 17
Let v = -130 + 128. What are the prime factors of 42/(-12)*(-68 - v*1)?
3, 7, 11
What are the prime factors of -906*(-28)/(-63)*-12?
2, 151
List the prime factors of (-6 + 1 + (2 - -252))*1.
3, 83
Let p be (-2 + 10)/(-2)*-1. Suppose 4*j = -5*n + 4, p*n + 5*j + 24 = 5*n. Suppose -n*w = 5*k - 79, -13 = w - 2*k - 49. List the prime factors of w.
2, 13
Let t(r) = -r**2 + 6*r - 5. Let s be t(4). Suppose s*o - 4*f = 63, 5*f - 31 = -o + 3*f. Let j = 38 - o. What are the prime factors of j?
13
Let j(u) = -406*u + 2. Let a